2, 1321, 1670833
List the prime factors of 1440998386.
2, 720499193
What are the prime factors of 6333506040?
2, 3, 5, 29, 59, 109, 283
List the prime factors of 770427197.
79, 9752243
What are the prime factors of 13179867?
3, 31, 141719
List the prime factors of 635408736.
2, 3, 31, 89, 2399
List the prime factors of 35015739.
3, 11, 97, 10939
What are the prime factors of 114601255?
5, 19, 173, 367
List the prime factors of 1982086151.
17, 116593303
What are the prime factors of 934322864?
2, 4219, 13841
List the prime factors of 1032916325.
5, 7, 83, 10159
List the prime factors of 6437300026.
2, 151, 21315563
List the prime factors of 4817841492.
2, 3, 107, 211, 17783
List the prime factors of 510116264.
2, 7, 23, 29, 1951
What are the prime factors of 1160585000?
2, 5, 232117
What are the prime factors of 78605932?
2, 19651483
List the prime factors of 41579443.
47, 884669
What are the prime factors of 108773109?
3, 179, 251, 269
List the prime factors of 5924942769.
3, 53, 37263791
What are the prime factors of 49939379?
7, 919, 1109
What are the prime factors of 136356465?
3, 5, 7, 185519
What are the prime factors of 2461686817?
3359, 732863
List the prime factors of 13549667.
83, 163249
List the prime factors of 430417495.
5, 86083499
List the prime factors of 3969942402.
2, 3, 18143, 36469
What are the prime factors of 58744478?
2, 13, 2259403
List the prime factors of 75425106.
2, 3, 367, 34253
List the prime factors of 142223308.
2, 29, 1226063
List the prime factors of 28765843.
1063, 27061
What are the prime factors of 1239664886?
2, 20441, 30323
List the prime factors of 121870052.
2, 31, 67, 14669
List the prime factors of 753417995.
5, 11, 167, 7457
List the prime factors of 4605712499.
19, 43, 5637347
What are the prime factors of 1156114073?
263, 467, 9413
List the prime factors of 34261695.
3, 5, 13, 58567
What are the prime factors of 247624931?
31, 7987901
What are the prime factors of 57657691?
7, 13, 59, 10739
List the prime factors of 182361554.
2, 2789, 32693
What are the prime factors of 2356690335?
3, 5, 199, 789511
List the prime factors of 38752004.
2, 29, 334069
List the prime factors of 150522831.
3, 3037, 5507
What are the prime factors of 36778543?
2789, 13187
List the prime factors of 162510016.
2, 83, 30593
List the prime factors of 156448344.
2, 3, 13, 73, 6869
List the prime factors of 204619981.
204619981
What are the prime factors of 310709018?
2, 3331, 46639
List the prime factors of 21571704.
2, 3, 7, 11, 1297
What are the prime factors of 86812202?
2, 89, 487709
List the prime factors of 907965006.
2, 3, 13, 89, 10061
List the prime factors of 115212637.
19, 173, 35051
List the prime factors of 19924567.
13, 1532659
What are the prime factors of 110433088?
2, 17, 101501
What are the prime factors of 85134914?
2, 23, 1850759
What are the prime factors of 161186588?
2, 17, 2370391
What are the prime factors of 47430295?
5, 11, 862369
List the prime factors of 238664932.
2, 11, 5424203
List the prime factors of 5355753611.
13, 19, 29, 233, 3209
List the prime factors of 384826741.
13, 19, 47, 33149
What are the prime factors of 639920398?
2, 13, 23, 587, 1823
What are the prime factors of 2627833628?
2, 7, 23, 277, 14731
What are the prime factors of 34277961?
3, 181, 63127
List the prime factors of 289258961.
17, 1151, 14783
List the prime factors of 114353080.
2, 5, 2858827
List the prime factors of 88003023.
3, 29, 179, 5651
What are the prime factors of 1668925130?
2, 5, 1033, 161561
List the prime factors of 4296473697.
3, 79, 18128581
List the prime factors of 2253266080.
2, 5, 13, 1083301
What are the prime factors of 22828331?
17, 151, 8893
What are the prime factors of 1987984258?
2, 13, 137, 558109
List the prime factors of 905721077.
905721077
List the prime factors of 1530606224.
2, 7, 13666127
What are the prime factors of 1523679527?
761, 2002207
What are the prime factors of 235872298?
2, 107, 10301
What are the prime factors of 250487816?
2, 47, 666191
What are the prime factors of 699429729?
3, 19, 89, 137873
What are the prime factors of 223553130?
2, 3, 5, 43, 173297
What are the prime factors of 42813255?
3, 5, 37, 77141
List the prime factors of 194299749.
3, 7, 17, 53, 163
List the prime factors of 1049123534.
2, 524561767
What are the prime factors of 152904630?
2, 3, 5, 17, 47, 6379
List the prime factors of 1112176548.
2, 3, 7, 1471133
What are the prime factors of 121074578?
2, 17, 53, 67189
List the prime factors of 1589996983.
1589996983
List the prime factors of 55376194.
2, 73, 379289
What are the prime factors of 96513042?
2, 3, 16085507
List the prime factors of 71572406.
2, 29, 1009, 1223
What are the prime factors of 671621034?
2, 3, 7, 29, 139, 3967
What are the prime factors of 557499240?
2, 3, 5, 389, 1327
List the prime factors of 2169760732.
2, 542440183
What are the prime factors of 675967445?
5, 135193489
What are the prime factors of 836377044?
2, 3, 2521, 27647
What are the prime factors of 894580836?
2, 3, 73, 101, 10111
List the prime factors of 16794313.
16794313
What are the prime factors of 27992352?
2, 3, 101, 2887
List the prime factors of 6610282.
2, 7, 472163
What are the prime factors of 162661249?
239, 383, 1777
What are the prime factors of 1957598788?
2, 31, 89, 177383
List the prime factors of 6085264466.
2, 3042632233
List the prime factors of 376706114.
2, 29, 41, 157, 1009
List the prime factors of 149843147.
149843147
What are the prime factors of 126697555?
5, 1277, 19843
What are the prime factors of 371858939?
371858939
What are the prime factors of 5264357628?
2, 3, 31, 107, 132257
What are the prime factors of 60185488?
2, 11, 341963
List the prime factors of 46730052.
2, 3, 1298057
List the prime factors of 173670085.
5, 193, 179969
List the prime factors of 48810120.
2, 3, 5, 31, 13121
List the prime factors of 2152195173.
3, 239132797
List the prime factors of 611590093.
643, 951151
What are the prime factors of 39908647?
2963, 13469
What are the prime factors of 791862084?
2, 3, 13, 1692013
List the prime factors of 12516567.
3, 7, 596027
List the prime factors of 16053580.
2, 5, 103, 7793
List the prime factors of 84269149.
84269149
List the prime factors of 29175347.
29175347
What are the prime factors of 1975632558?
2, 3, 53, 6212681
What are the prime factors of 1245747709?
17, 37, 1980521
List the prime factors of 9041944957.
181, 2677, 18661
List the prime factors of 118164162.
2, 3, 37, 373, 1427
What are the prime factors of 31589753?
13, 631, 3851
List the prime factors of 1470452837.
7, 109, 691, 2789
List the prime factors of 1507115907.
3, 11, 15223393
What are the prime factors of 76936412?
2, 7, 367, 7487
List the prime factors of 226594101.
3, 6793, 11119
What are the prime factors of 5728009357?
7, 1193, 685907
List the prime factors of 275346189.
3, 149, 68443
List the prime factors of 6857736.
2, 3, 163, 1753
List the prime factors of 46016733.
3, 7, 71, 4409
What are the prime factors of 2112810774?
2, 3, 23, 571, 26813
List the prime factors of 49786711.
13, 149, 25703
List the prime factors of 45852722.
2, 22926361
List the prime factors of 709680591.
3, 78853399
What are the prime factors of 336496933?
336496933
What are the prime factors of 3145886148?
2, 3, 479, 547301
What are the prime factors of 1166535781?
23, 1559, 32533
List the prime factors of 80811823.
31, 2606833
What are the prime factors of 46255006?
2, 7, 19, 173891
What are the prime factors of 205131513?
3, 68377171
List the prime factors of 508043108.
2, 43, 181, 16319
List the prime factors of 99871033.
4733, 21101
List the prime factors of 1373131756.
2, 343282939
List the prime factors of 630207383.
13, 23, 2107717
List the prime factors of 578353312.
2, 19, 79, 12041
What are the prime factors of 87299731?
6007, 14533
What are the prime factors of 2564437886?
2, 83, 2351, 6571
What are the prime factors of 21524881?
7, 31, 281, 353
What are the prime factors of 42880747?
7, 13, 471217
What are the prime factors of 821300324?
2, 13, 15794237
List the prime factors of 638169851.
11, 17, 310243
List the prime factors of 91487588.
2, 197, 116101
List the prime factors of 27650888.
2, 3456361
What are the prime factors of 42532810?
2, 5, 17,